git of 20651?
0
What is the hundreds digit of 54055?
0
What is the hundreds digit of 664?
6
What is the units digit of 582?
2
What is the units digit of 17873?
3
What is the tens digit of 901?
0
What is the tens digit of 1624?
2
What is the units digit of 40214?
4
What is the ten thousands digit of 18143?
1
What is the hundreds digit of 11353?
3
What is the tens digit of 33023?
2
What is the units digit of 635?
5
What is the hundreds digit of 1514?
5
What is the tens digit of 33144?
4
What is the units digit of 12019?
9
What is the tens digit of 667?
6
What is the tens digit of 623?
2
What is the tens digit of 44755?
5
What is the thousands digit of 25810?
5
What is the hundreds digit of 2044?
0
What is the thousands digit of 63446?
3
What is the tens digit of 2160?
6
What is the hundreds digit of 15546?
5
What is the tens digit of 13169?
6
What is the thousands digit of 3231?
3
What is the hundreds digit of 4904?
9
What is the tens digit of 2510?
1
What is the tens digit of 7765?
6
What is the tens digit of 22174?
7
What is the thousands digit of 21256?
1
What is the tens digit of 767?
6
What is the hundreds digit of 56731?
7
What is the hundred thousands digit of 113354?
1
What is the units digit of 13109?
9
What is the units digit of 572?
2
What is the tens digit of 1589?
8
What is the hundreds digit of 7636?
6
What is the units digit of 542?
2
What is the hundreds digit of 471?
4
What is the tens digit of 10565?
6
What is the hundreds digit of 7473?
4
What is the thousands digit of 1981?
1
What is the hundreds digit of 11034?
0
What is the tens digit of 51143?
4
What is the tens digit of 3178?
7
What is the thousands digit of 1007?
1
What is the units digit of 645?
5
What is the hundreds digit of 72376?
3
What is the tens digit of 3241?
4
What is the hundreds digit of 10649?
6
What is the hundreds digit of 3176?
1
What is the units digit of 266?
6
What is the hundreds digit of 61222?
2
What is the thousands digit of 1853?
1
What is the units digit of 68383?
3
What is the units digit of 10?
0
What is the tens digit of 29739?
3
What is the tens digit of 37293?
9
What is the thousands digit of 1635?
1
What is the units digit of 19251?
1
What is the hundreds digit of 816?
8
What is the tens digit of 20531?
3
What is the ten thousands digit of 17819?
1
What is the units digit of 15004?
4
What is the tens digit of 7792?
9
What is the units digit of 1357?
7
What is the units digit of 502?
2
What is the units digit of 4554?
4
What is the thousands digit of 1604?
1
What is the ten thousands digit of 20914?
2
What is the hundreds digit of 1032?
0
What is the ten thousands digit of 84761?
8
What is the units digit of 17197?
7
What is the hundreds digit of 1894?
8
What is the units digit of 3577?
7
What is the thousands digit of 2577?
2
What is the units digit of 9525?
5
What is the hundreds digit of 13773?
7
What is the hundreds digit of 11350?
3
What is the ten thousands digit of 29208?
2
What is the tens digit of 4866?
6
What is the units digit of 42492?
2
What is the hundreds digit of 701?
7
What is the tens digit of 304?
0
What is the hundreds digit of 26054?
0
What is the tens digit of 5193?
9
What is the hundreds digit of 13807?
8
What is the hundreds digit of 1605?
6
What is the tens digit of 665?
6
What is the hundreds digit of 7200?
2
What is the tens digit of 1033?
3
What is the units digit of 448?
8
What is the units digit of 2104?
4
What is the thousands digit of 7260?
7
What is the tens digit of 65999?
9
What is the units digit of 2053?
3
What is the tens digit of 41191?
9
What is the tens digit of 19565?
6
What is the thousands digit of 67843?
7
What is the tens digit of 49831?
3
What is the hundreds digit of 3257?
2
What is the units digit of 858?
8
What is the hundreds digit of 1167?
1
What is the hundreds digit of 1258?
2
What is the units digit of 210?
0
What is the ten thousands digit of 32806?
3
What is the units digit of 2536?
6
What is the hundreds digit of 157820?
8
What is the thousands digit of 19267?
9
What is the thousands digit of 16091?
6
What is the hundred thousands digit of 177514?
1
What is the tens digit of 25489?
8
What is the thousands digit of 3658?
3
What is the hundreds digit of 9948?
9
What is the hundreds digit of 8116?
1
What is the ten thousands digit of 16875?
1
What is the ten thousands digit of 15415?
1
What is the hundreds digit of 1840?
8
What is the units digit of 838?
8
What is the hundreds digit of 4304?
3
What is the hundreds digit of 87093?
0
What is the tens digit of 2720?
2
What is the hundreds digit of 7229?
2
What is the hundreds digit of 6803?
8
What is the tens digit of 7939?
3
What is the tens digit of 7968?
6
What is the thousands digit of 3577?
3
What is the units digit of 767?
7
What is the thousands digit of 9720?
9
What is the hundreds digit of 49188?
1
What is the thousands digit of 67964?
7
What is the tens digit of 2754?
5
What is the hundreds digit of 860?
8
What is the tens digit of 3816?
1
What is the hundreds digit of 915?
9
What is the hundreds digit of 867?
8
What is the thousands digit of 1549?
1
What is the ten thousands digit of 22613?
2
What is the thousands digit of 6684?
6
What is the hundreds digit of 29217?
2
What is the thousands digit of 1841?
1
What is the tens digit of 4641?
4
What is the tens digit of 4754?
5
What is the units digit of 56155?
5
What is the units digit of 29024?
4
What is the ten thousands digit of 26826?
2
What is the tens digit of 969?
6
What is the hundreds digit of 2696?
6
What is the ten thousands digit of 24876?
2
What is the hundreds digit of 458?
4
What is the units digit of 11708?
8
What is the units digit of 739?
9
What is the hundreds digit of 1273?
2
What is the tens digit of 2814?
1
What is the tens digit of 15027?
2
What is the hundreds digit of 21130?
1
What is the units digit of 81239?
9
What is the tens digit of 16148?
4
What is the tens digit of 45?
4
What is the units digit of 47769?
9
What is the units digit of 1854?
4
What is the hundreds digit of 12860?
8
What is the units digit of 24937?
7
What is the tens digit of 580?
8
What is the ten thousands digit of 27844?
2
What is the thousands digit of 7083?
7
What is the thousands digit of 36225?
6
What is the thousands digit of 2442?
2
What is the tens digit of 6325?
2
What is the thousands digit of 7159?
7
What is the tens digit of 18439?
3
What is the hundreds digit of 440?
4
What is the tens digit of 672?
7
What is the tens digit of 1002?
0
What is the hundreds digit of 1602?
6
What is the ten thousands digit of 162648?
6
What is the units digit of 288?
8
What is the thousands digit of 9163?
9
What is the units digit of 219?
9
What is the ten thousands digit of 12211?
1
What is the hundreds digit of 47587?
5
What is the units digit of 805?
5
What is the hundreds digit of 1060?
0
What is the tens digit of 17163?
6
What is the tens digit of 1076?
7
What is the tens digit of 8580?
8
What is the ten thousands digit of 32086?
3
What is the units digit of 25668?
8
What is the hundreds digit of 946?
9
What is the thousands digit of 1840?
1
What is the hundreds digit of 6262?
2
What is the units digit of 1006?
6
What is the hundreds digit of 670?
6
What is the tens digit of 2261?
6
What is the thousands digit of 17457?
7
What is the hundreds digit of 236?
2
What is the tens digit of 31684?
8
What is the hundreds digit of 6817?
8
What is the ten thousands digit of 46918?
4
What is the tens digit of 86?
8
What is the hundreds digit of 11431?
4
What is the hundreds digit of 23692?
6
What is the thousands digit of 81388?
1
What is the units digit of 26361?
1
What is the hundreds digit of 158023?
0
What is the thousands digit of 2224?
2
What is the hundreds digit of 15071?
0
What is the tens digit of 6426?
2
What is the tens digit of 2903?
0
What is the units digit of 3895?
5
What is the units digit of 41088?
8
What is the hundreds digit of 365?
3
What is the units digit of 687?
7
What is the thousands digit of 43987?
3
What is the ten thousands digit of 12474?
1
What is the hundreds digit of 7076?
0
What is the units digit of 44003?
3
What is the units digit of 110?
0
What is the tens digit of 773?
7
What is the units digit of 15644?
4
What is the thousands digit of 45293?
5
What is th